t m be -1 + -1 + 25 + -8. What is the remainder when o(m) is divided by 26?
3
Let t = 38 - 20. Let p = -54 + 59. Suppose -p*z + 15 = -4*n - 10, -5*z - 3*n + 25 = 0. Calculate the remainder when t is divided by z.
3
Suppose 4*i - 5*p + p = -16, -5*i + 2*p - 5 = 0. Suppose 9 = 8*l + i. What is the remainder when (l/3)/((6 + -3)/981) is divided by 22?
21
Let w = -1508 + 1898. Calculate the remainder when w is divided by 371.
19
Suppose -2412*l + 2408*l = -252. Let n(x) = 4*x**2 + 3*x + 6. Let s be n(5). Suppose s = 2*y - l. What is the remainder when y is divided by 12?
8
Let f(l) = 28*l**3 + 5*l**2 + 8*l + 5. Let c be f(-2). Let s = c - -216. Suppose -6*x = -x - 5. What is the remainder when x is divided by s?
0
Suppose -2*r - 2*c - 40 = -198, -2*r + 158 = -2*c. Let l = 436 + -431. Calculate the remainder when r is divided by 11*(-8)/10*l/(-2).
13
Let s(l) = 38*l**2 + 78*l + 21. Let d(g) = -26*g - 3. Calculate the remainder when d(-4) is divided by s(-2).
16
Let k(s) = -11*s**3 - 9*s**2 - 17*s + 4. What is the remainder when k(-3) is divided by 152?
119
Let m = 29 - 25. Suppose -9*i = -8*i - m. Let q(h) = h**3 - 7*h**2 + 12*h + 3. Calculate the remainder when 36 is divided by q(i).
0
Let q = 217 - 63. Suppose -5*m = 2*c - 88, 3*c - q = 4*m + 1. Let a = c + -42. What is the remainder when 25 is divided by a?
4
Suppose y = -0*y + 138. Let r be (-28 - -61) + (-2 - 1). Suppose f + 2*u - r + 3 = 0, -f + 55 = -5*u. What is the remainder when y is divided by f?
33
Suppose 3*t = 3*n + 39, -4*t = 5*n - 21 - 13. Suppose -3*l - t + 32 = 0. What is the remainder when 115 is divided by l?
3
Suppose -493 = 110*t - 127*t. Let v = 26 + -17. What is the remainder when t is divided by v?
2
Let l = 9514 + -6478. Calculate the remainder when l is divided by 1010.
6
Let x(j) = -190*j**2 + 2 + 1 + 205*j**2. What is the remainder when x(-2) is divided by 22?
19
Let o(z) = z**3 - 4*z**2 - 5*z - 1. Let t = -15 - 129. Let u = 16 - t. Calculate the remainder when u is divided by o(6).
37
Suppose y = -p + 5*p - 292, -7*p + 4*y + 502 = 0. Let a(r) = -3*r + 1. Calculate the remainder when p is divided by a(-6).
17
Let w = -5 - -5. Suppose w = 2*o + 13 - 41. Suppose 0 = -3*s + 7 + o. Calculate the remainder when 12 is divided by s.
5
Suppose -85*s + 4211 = -245 + 631. Calculate the remainder when 2019 is divided by s.
39
Let n = 279 - 289. Let h(w) = -5*w**3 + 18 - 10*w + 6*w**3 - 4 + 9*w**2. Calculate the remainder when 25 is divided by h(n).
11
Let q be 5/40 - 237/(-24). Calculate the remainder when 5 - q - -119 - 8 is divided by 27.
25
Let j(p) = -p**3 - 4*p - 8. Let m be (24/(-10) - 2) + 6/15. Let d be j(m). Suppose 0 = 23*o - 27*o + d. Calculate the remainder when 44 is divided by o.
8
Suppose -4*j + 8*j - 604 = 0. Let d = j - 96. Suppose -23*o + 344 + 93 = 0. Calculate the remainder when d is divided by o.
17
Suppose 61 + 32 = -3*j. Let v = j - -77. Calculate the remainder when v is divided by (-438)/(-27) - (8/(-18))/(-2).
14
Suppose 2 + 1 = -q. Let h(r) = -7*r**3 + 5*r + 3. Let x be h(q). Suppose k = 5*j + 72, 3*k - x = -0*k + 2*j. Calculate the remainder when k is divided by 29.
28
Let p(o) = 20*o - 157. Let l be p(8). Suppose l - 59 = -4*a. Suppose -4*f + 88 = 2*v, 0*v + 2 = v. Calculate the remainder when f is divided by a.
7
Let q = 55 - 24. Let m be 70/4 + (-18)/36. Let r = 42 + m. What is the remainder when r is divided by q?
28
Suppose o = -3*o + 148. Let a(y) = 2*y**2 - 3*y - 24. Let r be a(5). Suppose 9*l = r*l - 40. What is the remainder when o is divided by l?
17
Let a(t) = 3*t**2 - 38*t - 30. Let p = -236 + 251. Calculate the remainder when 149 is divided by a(p).
74
Let h(m) = 3*m**2 + 34*m - 61. Calculate the remainder when h(6) is divided by 52.
43
Suppose 0 = -11*k + 8*k + 87. Let n = k - -7. Suppose j = -4*f - 2*j + n, -5*f + 46 = 4*j. What is the remainder when 34 is divided by f?
4
What is the remainder when 307 is divided by ((-2)/1)/(-5*8/640)?
19
Suppose 0 = -5*l - 4 + 74. Let u = 115 + -90. Let p = 71 + u. What is the remainder when p is divided by l?
12
Suppose 15 = -a + 623. Suppose 0*y = 8*y - a. Suppose 0*f + 4*f - y = 0. Calculate the remainder when f is divided by 7.
5
Let m(t) be the second derivative of -141*t**5/20 - t**4/12 - t**3/6 - t**2/2 - t. Let i = 2009 - 2010. What is the remainder when m(i) is divided by 47?
46
Suppose 3*m - 5*h + h - 104 = 0, 2*m = -4*h + 96. What is the remainder when 89 is divided by (-7)/16*-30 - 5/m?
11
Let h = -1584 - -1645. What is the remainder when 179 is divided by h?
57
Let s = 3216 - 3051. What is the remainder when s is divided by 120?
45
Suppose 24*p + m + 186 = 28*p, 4*p - 190 = 3*m. What is the remainder when 222 is divided by p?
38
Let w = -124 - -127. Suppose 5*l - 141 = -2*b - 0*b, -5*b - 97 = -w*l. Let f(p) = p**3 + 7*p**2 + 3*p - 2. Calculate the remainder when l is divided by f(-6).
13
Let v(d) = -87*d - 80. Let w be v(-8). Let j = 639 - w. What is the remainder when 110 is divided by j?
18
Let p(u) = u**3 + 11*u**2 - 31*u - 186. Let v(s) = -3*s**2 + 3*s + 24. Let b be v(4). Calculate the remainder when p(b) is divided by 24.
18
Let x = -675 - -353. Let r = x + 556. What is the remainder when 84 is divided by (-4)/(-14) + r/14?
16
Suppose 4639*c - 4636*c - 423 = 0. What is the remainder when c is divided by 18?
15
Suppose -13*x + 216 = -4*x. Let q be 4203/x*2 - (-3)/(-12). Suppose 2*b - 112 = 5*r, 0 = 6*b - b + 5*r - q. What is the remainder when b is divided by 17?
15
Let i be (852 - 0)/(3 + -1 + 0). Let v = -317 + i. Calculate the remainder when 115 is divided by v.
6
Let p = 59 - -135. Let b = 215 - p. Calculate the remainder when 229 is divided by b.
19
Suppose -3*g - 15381 = -15405. Suppose 0 = 4*h - 3*o - 31, 2*h + o + 0 - 3 = 0. What is the remainder when h/(-14) + (-116)/(-14) is divided by g?
0
Let h(b) = -37*b + 302. Suppose -2*f - 43 = -3*f. Suppose 4*r - x - 93 = 0, -4*r - x + f = -40. Calculate the remainder when r is divided by h(8).
4
Suppose -2*g + 18 = g. Let k(z) = -18*z - 7. Let v be k(g). Calculate the remainder when 73 is divided by v/(-6) - (-2)/(-12).
16
Suppose 2*j + 4*y = 362, 2*j - 5*y = -26 + 370. Let m = j - 96. Let n(t) = t**3 + 7*t**2 - t + 5. Calculate the remainder when m is divided by n(-7).
9
Suppose 9*c - 25 = -7. Suppose 2*n = -4, -3*q = 3*n - 20 - 22. Calculate the remainder when q is divided by (7 + (-4)/c)*36/20.
7
Suppose 55*h = 12*h + 9959 - 3251. What is the remainder when h is divided by 111?
45
What is the remainder when (-425 - -1)/((-3)/6) is divided by 294?
260
Let t(a) = -4*a + 226. What is the remainder when t(25) is divided by 91?
35
Suppose 5*b + 2*y - 400 = 0, -3*y - 2*y - 365 = -5*b. What is the remainder when 162 is divided by b?
6
Suppose 123*s = 125*s + 24. Let j be (-282)/s*12/2. Suppose 3*z = -4*v + j, 2*z - v = 7*z - 235. What is the remainder when z is divided by 10?
7
Suppose -t + 0*t - 5*o = -30, -3*t + 42 = -o. Let c be -1038 + -11 + 11 + (-2 - 0). What is the remainder when 3/(0 - t/c) is divided by 42?
40
Let b(p) = -p**3 - 12*p**2 - 20*p - 3. Let a be b(-10). Calculate the remainder when 47 is divided by 5 + 12 + 1*a/3.
15
Let h = -4362 - -4374. What is the remainder when 262 is divided by h?
10
Let v(t) = t**2 + 13*t - 18. Let w be v(-9). Let s = w + 81. Suppose -19*b + s = -10*b. Calculate the remainder when 9 is divided by b.
0
Let r = 5279 - 2911. What is the remainder when r is divided by 149?
133
Let t = -212 - -217. Suppose t*c - 211 = -126. What is the remainder when c is divided by 6?
5
Let z(n) = 27 - 87 + 2*n + 31. Suppose 2*o - 76 = -3*c, -5*c = 5*o - 59 - 71. What is the remainder when c is divided by z(19)?
6
Suppose 0 = -145*k + 108*k + 1887. Let b = -4 + 4. Suppose -44 = -b*q - 4*q. Calculate the remainder when k is divided by q.
7
Let o(q) = -14*q + 1. Let l(g) = -g**2 - 10*g - 10. Let a be l(-6). Suppose -a = 5*j + 11, -j = -s + 25. What is the remainder when o(-7) is divided by s?
19
Calculate the remainder when 238 is divided by ((-5)/(-15))/(15939/5973 - 16/6).
57
Let n(h) = -562*h + 644. Calculate the remainder when 389 is divided by n(1).
61
Suppose 53*w - 8092 = 36*w. Suppose -89*d = -82*d - w. What is the remainder when d is divided by 46?
22
What is the remainder when 123 is divided by (-926)/(